{"id":105,"date":"2024-12-29T22:28:30","date_gmt":"2024-12-29T21:28:30","guid":{"rendered":"http:\/\/test.sarabandefillesdelarochelle.fr\/?page_id=105"},"modified":"2026-02-17T11:05:27","modified_gmt":"2026-02-17T10:05:27","slug":"remise-des-prix","status":"publish","type":"page","link":"https:\/\/sarabandefillesdelarochelle.fr\/index.php\/remise-des-prix\/","title":{"rendered":"Remise des prix"},"content":{"rendered":"\n<div class=\"wp-block-media-text is-stacked-on-mobile\"><figure class=\"wp-block-media-text__media\"><img loading=\"lazy\" decoding=\"async\" width=\"768\" height=\"576\" src=\"https:\/\/sarabandefillesdelarochelle.fr\/wp-content\/uploads\/2025\/01\/podium.jpg\" alt=\"\" class=\"wp-image-353 size-full\"\/><\/figure><div class=\"wp-block-media-text__content\">\n<p class=\"has-medium-font-size\">Le <strong>samedi 9 mai 2023 \u00e0 17h00<\/strong> dans la grande halle de l&rsquo;Encan.<\/p>\n\n\n\n<p class=\"has-medium-font-size\"><strong>Nombreux cadeaux<\/strong> attribu\u00e9s <strong>par tirage au sort<\/strong> !<\/p>\n<\/div><\/div>\n\n\n\n<h2 class=\"wp-block-heading\">CADEaux<\/h2>\n\n\n\n<p class=\"has-medium-font-size\">Un tee shirt f\u00e9minin sera remis en m\u00eame temps que le dossard.<br>Les arrivantes se verront remettre un cadeau \u00e0 l&rsquo;arriv\u00e9e.<\/p>\n\n\n\n<p class=\"has-medium-font-size\">Les r\u00e9sultats seront visibles sur le site de la Sarabande des Filles de La Rochelle et sur celui de Chronocourse.<\/p>\n\n\n\n<h2 class=\"wp-block-heading\">Remise des prix<\/h2>\n\n\n\n<p class=\"has-medium-font-size\">Le samedi 9 mai 2026 \u00e0 17h00 dans la grande halle de l&rsquo;Encan<br>De nombreux cadeaux seront attribu\u00e9s par tirage au sort.<br>Les participantes devront \u00eatre pr\u00e9sentes pour r\u00e9cup\u00e9rer leur lot remis par les<br>partenaires.<\/p>\n\n\n\n<h2 class=\"wp-block-heading\">PODIUMS<\/h2>\n\n\n\n<ul class=\"wp-block-list\">\n<li class=\"has-medium-font-size\">1\u00e8re, 2\u00e8me et 3\u00e8me du classement scratch<\/li>\n\n\n\n<li class=\"has-medium-font-size\">1\u00e8re de chaque cat\u00e9gorie (cadette, junior, espoir, senior, masters de M0 \u00e0 M10)<\/li>\n\n\n\n<li class=\"has-medium-font-size\">1\u00e8re \u00e9quipe du Challenge du nombre<\/li>\n\n\n\n<li class=\"has-medium-font-size\">1\u00e8re, 2\u00e8me et 3\u00e8me des challenges \u00ab\u00a0M\u00e8re-Fille\u00a0\u00bb et \u00ab\u00a0M\u00e8re-Fille-Petite fille\u00a0\u00bb<\/li>\n\n\n\n<li class=\"has-medium-font-size\">6 \u00e9quipes d\u00e9guis\u00e9es ou individuelle<\/li>\n\n\n\n<li class=\"has-medium-font-size\">La plus jeune et les 3 plus \u00e2g\u00e9es.<\/li>\n<\/ul>\n\n\n\n<p><\/p>\n\n\n\n<p><br><br><\/p>\n\n\n\n<div class=\"carousel-slider-outer carousel-slider-outer-image-carousel carousel-slider-outer-295\" style=\"--carousel-slider-nav-color:rgb(255,255,255);--carousel-slider-active-nav-color:#00d1b2;--carousel-slider-arrow-size:48px;--carousel-slider-bullet-size:10px\">\n<div id=\"&#039;id-295\" class=\"carousel-slider carousel-slider-295 arrows-visibility-always dots-visibility-never arrows-inside dots-center dots-circle owl-carousel\" data-slide-type=\"image-carousel\" data-owl-settings='{\"nav\":true,\"dots\":false,\"slideBy\":\"page\",\"stagePadding\":0,\"margin\":20,\"loop\":true,\"lazyLoad\":false,\"autoplay\":true,\"autoplayTimeout\":2000,\"autoplaySpeed\":500,\"autoplayHoverPause\":true,\"autoWidth\":true,\"responsive\":{\"300\":{\"items\":1},\"576\":{\"items\":2},\"768\":{\"items\":2},\"1024\":{\"items\":3},\"1280\":{\"items\":4},\"1536\":{\"items\":5}}}'>\n<div class=\"carousel-slider__item\">\n\t<a href=\"https:\/\/www.larochelle.fr\/\" target=\"_blank\"><img loading=\"lazy\" decoding=\"async\" width=\"150\" height=\"150\" src=\"https:\/\/sarabandefillesdelarochelle.fr\/wp-content\/uploads\/2025\/01\/LaRochelle-150x150-1.jpg\" class=\"attachment-thumbnail size-thumbnail\" alt=\"\" \/><\/a><\/div>\n\n<div class=\"carousel-slider__item\">\n\t<a href=\"https:\/\/la.charente-maritime.fr\/\" target=\"_blank\"><img loading=\"lazy\" decoding=\"async\" width=\"150\" height=\"79\" src=\"https:\/\/sarabandefillesdelarochelle.fr\/wp-content\/uploads\/2025\/01\/Conseil-Departemental-285x150-1.jpg\" class=\"attachment-thumbnail size-thumbnail\" alt=\"Conseil D\u00e9partemental\" \/><\/a><\/div>\n\n<div class=\"carousel-slider__item\">\n\t<a href=\"https:\/\/www.fitnessboutique.fr\/pages\/fitnessboutique-la-rochelle\" target=\"_blank\"><img loading=\"lazy\" decoding=\"async\" width=\"150\" height=\"75\" src=\"https:\/\/sarabandefillesdelarochelle.fr\/wp-content\/uploads\/2025\/01\/FitnessBoutique.jpg\" class=\"attachment-thumbnail size-thumbnail\" alt=\"\" \/><\/a><\/div>\n\n<div class=\"carousel-slider__item\">\n\t<a href=\"https:\/\/www.cycles-mazerolles.com\/\" target=\"_blank\"><img loading=\"lazy\" decoding=\"async\" width=\"150\" height=\"89\" src=\"https:\/\/sarabandefillesdelarochelle.fr\/wp-content\/uploads\/2025\/01\/logo-mazerole-1024x609-1.png\" class=\"attachment-thumbnail size-thumbnail\" alt=\"\" \/><\/a><\/div>\n\n<div class=\"carousel-slider__item\">\n\t<a href=\"https:\/\/garage-renault-marans.fr\/\" target=\"_blank\"><img loading=\"lazy\" decoding=\"async\" width=\"150\" height=\"39\" src=\"https:\/\/sarabandefillesdelarochelle.fr\/wp-content\/uploads\/2025\/01\/renault-logo-1-2048x527-1.jpg\" class=\"attachment-thumbnail size-thumbnail\" alt=\"\" \/><\/a><\/div>\n\n<div class=\"carousel-slider__item\">\n\t<a href=\"https:\/\/www.runningconseilpuilboreau.com\/\" target=\"_blank\"><img loading=\"lazy\" decoding=\"async\" width=\"150\" height=\"40\" src=\"https:\/\/sarabandefillesdelarochelle.fr\/wp-content\/uploads\/2025\/01\/runever200-150x150-2.png\" class=\"attachment-thumbnail size-thumbnail\" alt=\"\" \/><\/a><\/div>\n\n<div class=\"carousel-slider__item\">\n\t<a href=\"https:\/\/la-rochelle.kangouroukids.fr\/\" target=\"_blank\"><img loading=\"lazy\" decoding=\"async\" width=\"150\" height=\"43\" src=\"https:\/\/sarabandefillesdelarochelle.fr\/wp-content\/uploads\/2025\/01\/Logo-KGK.jpg\" class=\"attachment-thumbnail size-thumbnail\" alt=\"\" \/><\/a><\/div>\n\n<div class=\"carousel-slider__item\">\n\t<a href=\"https:\/\/www.airspire.fr\/\" target=\"_blank\"><img loading=\"lazy\" decoding=\"async\" width=\"150\" height=\"104\" src=\"https:\/\/sarabandefillesdelarochelle.fr\/wp-content\/uploads\/2025\/01\/logo-airspire.jpg\" class=\"attachment-thumbnail size-thumbnail\" alt=\"\" \/><\/a><\/div>\n\n<div class=\"carousel-slider__item\">\n\t<a href=\"https:\/\/www.e.leclerc\/mag\/e-leclerc-sautel\" target=\"_blank\"><img loading=\"lazy\" decoding=\"async\" width=\"150\" height=\"150\" src=\"https:\/\/sarabandefillesdelarochelle.fr\/wp-content\/uploads\/2025\/01\/leclerc-1-150x150-2.jpg\" class=\"attachment-thumbnail size-thumbnail\" alt=\"\" \/><\/a><\/div>\n\n<div class=\"carousel-slider__item\">\n\t<a href=\"https:\/\/www.facebook.com\/p\/Fitness-Corp-La-Rochelle-100057237858540\/?locale=fr_FR\" target=\"_blank\"><img loading=\"lazy\" decoding=\"async\" width=\"150\" height=\"70\" src=\"https:\/\/sarabandefillesdelarochelle.fr\/wp-content\/uploads\/2025\/02\/FitnessCorp_150px.jpeg\" class=\"attachment-thumbnail size-thumbnail\" alt=\"\" \/><\/a><\/div>\n\n<div class=\"carousel-slider__item\">\n\t<a href=\"https:\/\/www.fountaine-pajot.com\/\" target=\"_blank\"><img loading=\"lazy\" decoding=\"async\" width=\"150\" height=\"54\" src=\"https:\/\/sarabandefillesdelarochelle.fr\/wp-content\/uploads\/2025\/04\/LogoFountainePajot_150px.jpg\" class=\"attachment-thumbnail size-thumbnail\" alt=\"\" \/><\/a><\/div>\n\n<div class=\"carousel-slider__item\">\n\t<a href=\"https:\/\/www.agglo-larochelle.fr\/\" target=\"_blank\"><img loading=\"lazy\" decoding=\"async\" width=\"150\" height=\"46\" src=\"https:\/\/sarabandefillesdelarochelle.fr\/wp-content\/uploads\/2025\/01\/LogoCdA-1024x317-1.jpg\" class=\"attachment-thumbnail size-thumbnail\" alt=\"\" \/><\/a><\/div>\n\n<div class=\"carousel-slider__item\">\n\t<a href=\"https:\/\/bigair-parachutisme.fr\/\" target=\"_blank\"><img loading=\"lazy\" decoding=\"async\" width=\"150\" height=\"63\" src=\"https:\/\/sarabandefillesdelarochelle.fr\/wp-content\/uploads\/2026\/03\/Bigair.png\" class=\"attachment-thumbnail size-thumbnail\" alt=\"\" \/><\/a><\/div>\n\n<\/div><!-- .carousel-slider-295 -->\n<\/div><!-- .carousel-slider-outer-295 -->\n\n","protected":false},"excerpt":{"rendered":"<p>Le samedi 9 mai 2023 \u00e0 17h00 dans la grande halle de l&rsquo;Encan. Nombreux cadeaux attribu\u00e9s par tirage au sort ! CADEaux Un tee shirt f\u00e9minin sera remis en m\u00eame temps que le dossard.Les arrivantes se verront remettre un cadeau \u00e0 l&rsquo;arriv\u00e9e. Les r\u00e9sultats seront visibles sur le site de la Sarabande des Filles de [&hellip;]<\/p>\n","protected":false},"author":1,"featured_media":0,"parent":0,"menu_order":0,"comment_status":"closed","ping_status":"closed","template":"","meta":{"footnotes":""},"class_list":["post-105","page","type-page","status-publish","hentry"],"blocksy_meta":[],"yoast_head":"<!-- This site is optimized with the Yoast SEO plugin v26.9 - https:\/\/yoast.com\/product\/yoast-seo-wordpress\/ -->\n<title>Remise des prix - La Sarabande des filles de La Rochelle<\/title>\n<meta name=\"description\" content=\"D\u00e9tails sur la remise des prix: lieu, horaires et cat\u00e9gories r\u00e9compens\u00e9es.\" \/>\n<meta name=\"robots\" content=\"index, follow, max-snippet:-1, max-image-preview:large, max-video-preview:-1\" \/>\n<link rel=\"canonical\" href=\"https:\/\/sarabandefillesdelarochelle.fr\/index.php\/remise-des-prix\/\" \/>\n<meta property=\"og:locale\" content=\"fr_FR\" \/>\n<meta property=\"og:type\" content=\"article\" \/>\n<meta property=\"og:title\" content=\"Remise des prix - La Sarabande des filles de La Rochelle\" \/>\n<meta property=\"og:description\" content=\"D\u00e9tails sur la remise des prix: lieu, horaires et cat\u00e9gories r\u00e9compens\u00e9es.\" \/>\n<meta property=\"og:url\" content=\"https:\/\/sarabandefillesdelarochelle.fr\/index.php\/remise-des-prix\/\" \/>\n<meta property=\"og:site_name\" content=\"La Sarabande des filles de La Rochelle\" \/>\n<meta property=\"article:publisher\" content=\"https:\/\/www.facebook.com\/SarabandedesFillesdeLaRochelle\" \/>\n<meta property=\"article:modified_time\" content=\"2026-02-17T10:05:27+00:00\" \/>\n<meta property=\"og:image\" content=\"https:\/\/sarabandefillesdelarochelle.fr\/wp-content\/uploads\/2025\/01\/podium.jpg\" \/>\n\t<meta property=\"og:image:width\" content=\"768\" \/>\n\t<meta property=\"og:image:height\" content=\"576\" \/>\n\t<meta property=\"og:image:type\" content=\"image\/jpeg\" \/>\n<meta name=\"twitter:card\" content=\"summary_large_image\" \/>\n<meta name=\"twitter:label1\" content=\"Dur\u00e9e de lecture estim\u00e9e\" \/>\n\t<meta name=\"twitter:data1\" content=\"1 minute\" \/>\n<script type=\"application\/ld+json\" class=\"yoast-schema-graph\">{\"@context\":\"https:\/\/schema.org\",\"@graph\":[{\"@type\":\"WebPage\",\"@id\":\"https:\/\/sarabandefillesdelarochelle.fr\/index.php\/remise-des-prix\/\",\"url\":\"https:\/\/sarabandefillesdelarochelle.fr\/index.php\/remise-des-prix\/\",\"name\":\"Remise des prix - La Sarabande des filles de La Rochelle\",\"isPartOf\":{\"@id\":\"https:\/\/sarabandefillesdelarochelle.fr\/#website\"},\"primaryImageOfPage\":{\"@id\":\"https:\/\/sarabandefillesdelarochelle.fr\/index.php\/remise-des-prix\/#primaryimage\"},\"image\":{\"@id\":\"https:\/\/sarabandefillesdelarochelle.fr\/index.php\/remise-des-prix\/#primaryimage\"},\"thumbnailUrl\":\"https:\/\/sarabandefillesdelarochelle.fr\/wp-content\/uploads\/2025\/01\/podium.jpg\",\"datePublished\":\"2024-12-29T21:28:30+00:00\",\"dateModified\":\"2026-02-17T10:05:27+00:00\",\"description\":\"D\u00e9tails sur la remise des prix: lieu, horaires et cat\u00e9gories r\u00e9compens\u00e9es.\",\"breadcrumb\":{\"@id\":\"https:\/\/sarabandefillesdelarochelle.fr\/index.php\/remise-des-prix\/#breadcrumb\"},\"inLanguage\":\"fr-FR\",\"potentialAction\":[{\"@type\":\"ReadAction\",\"target\":[\"https:\/\/sarabandefillesdelarochelle.fr\/index.php\/remise-des-prix\/\"]}]},{\"@type\":\"ImageObject\",\"inLanguage\":\"fr-FR\",\"@id\":\"https:\/\/sarabandefillesdelarochelle.fr\/index.php\/remise-des-prix\/#primaryimage\",\"url\":\"https:\/\/sarabandefillesdelarochelle.fr\/wp-content\/uploads\/2025\/01\/podium.jpg\",\"contentUrl\":\"https:\/\/sarabandefillesdelarochelle.fr\/wp-content\/uploads\/2025\/01\/podium.jpg\",\"width\":768,\"height\":576},{\"@type\":\"BreadcrumbList\",\"@id\":\"https:\/\/sarabandefillesdelarochelle.fr\/index.php\/remise-des-prix\/#breadcrumb\",\"itemListElement\":[{\"@type\":\"ListItem\",\"position\":1,\"name\":\"Accueil\",\"item\":\"https:\/\/sarabandefillesdelarochelle.fr\/\"},{\"@type\":\"ListItem\",\"position\":2,\"name\":\"Remise des prix\"}]},{\"@type\":\"WebSite\",\"@id\":\"https:\/\/sarabandefillesdelarochelle.fr\/#website\",\"url\":\"https:\/\/sarabandefillesdelarochelle.fr\/\",\"name\":\"La Sarabande des filles de La Rochelle\",\"description\":\"\",\"publisher\":{\"@id\":\"https:\/\/sarabandefillesdelarochelle.fr\/#organization\"},\"potentialAction\":[{\"@type\":\"SearchAction\",\"target\":{\"@type\":\"EntryPoint\",\"urlTemplate\":\"https:\/\/sarabandefillesdelarochelle.fr\/?s={search_term_string}\"},\"query-input\":{\"@type\":\"PropertyValueSpecification\",\"valueRequired\":true,\"valueName\":\"search_term_string\"}}],\"inLanguage\":\"fr-FR\"},{\"@type\":\"Organization\",\"@id\":\"https:\/\/sarabandefillesdelarochelle.fr\/#organization\",\"name\":\"La Sarabande des filles de La Rochelle\",\"url\":\"https:\/\/sarabandefillesdelarochelle.fr\/\",\"logo\":{\"@type\":\"ImageObject\",\"inLanguage\":\"fr-FR\",\"@id\":\"https:\/\/sarabandefillesdelarochelle.fr\/#\/schema\/logo\/image\/\",\"url\":\"https:\/\/sarabandefillesdelarochelle.fr\/wp-content\/uploads\/2026\/02\/logo_lasarabandedesfillesdelarochelles_-cmjn-.png\",\"contentUrl\":\"https:\/\/sarabandefillesdelarochelle.fr\/wp-content\/uploads\/2026\/02\/logo_lasarabandedesfillesdelarochelles_-cmjn-.png\",\"width\":1293,\"height\":721,\"caption\":\"La Sarabande des filles de La Rochelle\"},\"image\":{\"@id\":\"https:\/\/sarabandefillesdelarochelle.fr\/#\/schema\/logo\/image\/\"},\"sameAs\":[\"https:\/\/www.facebook.com\/SarabandedesFillesdeLaRochelle\"]}]}<\/script>\n<!-- \/ Yoast SEO plugin. -->","yoast_head_json":{"title":"Remise des prix - La Sarabande des filles de La Rochelle","description":"D\u00e9tails sur la remise des prix: lieu, horaires et cat\u00e9gories r\u00e9compens\u00e9es.","robots":{"index":"index","follow":"follow","max-snippet":"max-snippet:-1","max-image-preview":"max-image-preview:large","max-video-preview":"max-video-preview:-1"},"canonical":"https:\/\/sarabandefillesdelarochelle.fr\/index.php\/remise-des-prix\/","og_locale":"fr_FR","og_type":"article","og_title":"Remise des prix - La Sarabande des filles de La Rochelle","og_description":"D\u00e9tails sur la remise des prix: lieu, horaires et cat\u00e9gories r\u00e9compens\u00e9es.","og_url":"https:\/\/sarabandefillesdelarochelle.fr\/index.php\/remise-des-prix\/","og_site_name":"La Sarabande des filles de La Rochelle","article_publisher":"https:\/\/www.facebook.com\/SarabandedesFillesdeLaRochelle","article_modified_time":"2026-02-17T10:05:27+00:00","og_image":[{"width":768,"height":576,"url":"https:\/\/sarabandefillesdelarochelle.fr\/wp-content\/uploads\/2025\/01\/podium.jpg","type":"image\/jpeg"}],"twitter_card":"summary_large_image","twitter_misc":{"Dur\u00e9e de lecture estim\u00e9e":"1 minute"},"schema":{"@context":"https:\/\/schema.org","@graph":[{"@type":"WebPage","@id":"https:\/\/sarabandefillesdelarochelle.fr\/index.php\/remise-des-prix\/","url":"https:\/\/sarabandefillesdelarochelle.fr\/index.php\/remise-des-prix\/","name":"Remise des prix - La Sarabande des filles de La Rochelle","isPartOf":{"@id":"https:\/\/sarabandefillesdelarochelle.fr\/#website"},"primaryImageOfPage":{"@id":"https:\/\/sarabandefillesdelarochelle.fr\/index.php\/remise-des-prix\/#primaryimage"},"image":{"@id":"https:\/\/sarabandefillesdelarochelle.fr\/index.php\/remise-des-prix\/#primaryimage"},"thumbnailUrl":"https:\/\/sarabandefillesdelarochelle.fr\/wp-content\/uploads\/2025\/01\/podium.jpg","datePublished":"2024-12-29T21:28:30+00:00","dateModified":"2026-02-17T10:05:27+00:00","description":"D\u00e9tails sur la remise des prix: lieu, horaires et cat\u00e9gories r\u00e9compens\u00e9es.","breadcrumb":{"@id":"https:\/\/sarabandefillesdelarochelle.fr\/index.php\/remise-des-prix\/#breadcrumb"},"inLanguage":"fr-FR","potentialAction":[{"@type":"ReadAction","target":["https:\/\/sarabandefillesdelarochelle.fr\/index.php\/remise-des-prix\/"]}]},{"@type":"ImageObject","inLanguage":"fr-FR","@id":"https:\/\/sarabandefillesdelarochelle.fr\/index.php\/remise-des-prix\/#primaryimage","url":"https:\/\/sarabandefillesdelarochelle.fr\/wp-content\/uploads\/2025\/01\/podium.jpg","contentUrl":"https:\/\/sarabandefillesdelarochelle.fr\/wp-content\/uploads\/2025\/01\/podium.jpg","width":768,"height":576},{"@type":"BreadcrumbList","@id":"https:\/\/sarabandefillesdelarochelle.fr\/index.php\/remise-des-prix\/#breadcrumb","itemListElement":[{"@type":"ListItem","position":1,"name":"Accueil","item":"https:\/\/sarabandefillesdelarochelle.fr\/"},{"@type":"ListItem","position":2,"name":"Remise des prix"}]},{"@type":"WebSite","@id":"https:\/\/sarabandefillesdelarochelle.fr\/#website","url":"https:\/\/sarabandefillesdelarochelle.fr\/","name":"La Sarabande des filles de La Rochelle","description":"","publisher":{"@id":"https:\/\/sarabandefillesdelarochelle.fr\/#organization"},"potentialAction":[{"@type":"SearchAction","target":{"@type":"EntryPoint","urlTemplate":"https:\/\/sarabandefillesdelarochelle.fr\/?s={search_term_string}"},"query-input":{"@type":"PropertyValueSpecification","valueRequired":true,"valueName":"search_term_string"}}],"inLanguage":"fr-FR"},{"@type":"Organization","@id":"https:\/\/sarabandefillesdelarochelle.fr\/#organization","name":"La Sarabande des filles de La Rochelle","url":"https:\/\/sarabandefillesdelarochelle.fr\/","logo":{"@type":"ImageObject","inLanguage":"fr-FR","@id":"https:\/\/sarabandefillesdelarochelle.fr\/#\/schema\/logo\/image\/","url":"https:\/\/sarabandefillesdelarochelle.fr\/wp-content\/uploads\/2026\/02\/logo_lasarabandedesfillesdelarochelles_-cmjn-.png","contentUrl":"https:\/\/sarabandefillesdelarochelle.fr\/wp-content\/uploads\/2026\/02\/logo_lasarabandedesfillesdelarochelles_-cmjn-.png","width":1293,"height":721,"caption":"La Sarabande des filles de La Rochelle"},"image":{"@id":"https:\/\/sarabandefillesdelarochelle.fr\/#\/schema\/logo\/image\/"},"sameAs":["https:\/\/www.facebook.com\/SarabandedesFillesdeLaRochelle"]}]}},"_links":{"self":[{"href":"https:\/\/sarabandefillesdelarochelle.fr\/index.php\/wp-json\/wp\/v2\/pages\/105","targetHints":{"allow":["GET"]}}],"collection":[{"href":"https:\/\/sarabandefillesdelarochelle.fr\/index.php\/wp-json\/wp\/v2\/pages"}],"about":[{"href":"https:\/\/sarabandefillesdelarochelle.fr\/index.php\/wp-json\/wp\/v2\/types\/page"}],"author":[{"embeddable":true,"href":"https:\/\/sarabandefillesdelarochelle.fr\/index.php\/wp-json\/wp\/v2\/users\/1"}],"replies":[{"embeddable":true,"href":"https:\/\/sarabandefillesdelarochelle.fr\/index.php\/wp-json\/wp\/v2\/comments?post=105"}],"version-history":[{"count":6,"href":"https:\/\/sarabandefillesdelarochelle.fr\/index.php\/wp-json\/wp\/v2\/pages\/105\/revisions"}],"predecessor-version":[{"id":479,"href":"https:\/\/sarabandefillesdelarochelle.fr\/index.php\/wp-json\/wp\/v2\/pages\/105\/revisions\/479"}],"wp:attachment":[{"href":"https:\/\/sarabandefillesdelarochelle.fr\/index.php\/wp-json\/wp\/v2\/media?parent=105"}],"curies":[{"name":"wp","href":"https:\/\/api.w.org\/{rel}","templated":true}]}}